.
3
What is 1 - (0 - 1) - (1 - -3)?
-2
What is the value of 2 + (0 - 0) - -3?
5
-8 + 6 + (6 - 0)
4
Calculate (11 - (17 + -12)) + -13 + 1.
-6
What is the value of (10 - 2) + (-35 - -33)?
6
What is 0 - 2 - (-9 - -11)?
-4
What is the value of (1 - 13) + -19 + 28?
-3
Evaluate -4 - 0 - -8 - 9.
-5
Calculate 4 - (-2 - (-4 - -3)).
5
What is 1 - (-14 - (-7 + -3))?
5
What is 0 + 4 + 2 + -6 + -2?
-2
Calculate ((-10 - -6) + -5 - -4) + 6.
1
What is the value of 11 + -6 - (-3 + 3 + 0)?
5
What is the value of (0 - (-1 + -1) - 0) + -1?
1
Evaluate -3 + -1 + 3 + 4.
3
What is the value of 6 - 9 - (-5 + 6 + -3)?
-1
3 + -11 + 2 + 11
5
4 - (15 - (1 - -6))
-4
-6 + (-4 - (-13 + -1))
4
-18 + 2 + 0 - (52 - 58)
-10
Calculate -4 + (5 - -4) - (9 - -1).
-5
What is -2 + -4 + 11 + -3 + -1?
1
What is 14 + 0 - (30 - 26)?
10
Evaluate -3 + (0 - 3) + 4.
-2
Evaluate 3 + (0 - 2 - (3 + -5)).
3
41 - 33 - (6 - 0)
2
-4 + -5 + 3 - -1
-5
4 - (2 + (-4 - -10))
-4
3 + (-6 - -4) - 5 - 1
-5
Calculate (-2 - (5 + 1)) + 7 - -1.
0
Evaluate 1 + (-8 - -2) - (-10 - -1).
4
(-9 - -12 - 5) + 12
10
Calculate -2 + -3 + 4 + 4.
3
What is the value of -2 + (-3 - (-2 - 0)) + 7?
4
-1 + 2 - (6 + -5 + 3)
-3
Calculate -3 - (-4 - -5) - -3.
-1
Evaluate (-16 - -8) + 3 + 6.
1
4 + -11 + 1 + 9
3
What is (0 - -2) + -2 + -5 + 2?
-3
Evaluate 2 + 0 + -3 + 1 + -3.
-3
Evaluate 1 - -1 - 8 - (-2 + 0).
-4
Calculate -1 + -2 - (-4 - 2).
3
1 + (-2 - 1) + (-1 - -2)
-1
-2 + (0 - -9) - (5 - -1)
1
Evaluate 1 - (5 + -6 + (-3 - -7)).
-2
-1 - 0 - (-45 - -45)
-1
What is 0 + (0 - (3 + -2 + -1))?
0
7 - 2 - (-4 + 2 - -5)
2
5 + -7 + -8 + 13
3
What is (-2 - -3) + 1 + -4 + 1?
-1
Calculate (-2 - (3 - 4)) + -2.
-3
What is 0 + (0 - 4) + -3?
-7
What is 13 + -3 + -5 + -10?
-5
What is the value of 0 - (3 - 5 - (5 - 3))?
4
Evaluate 2 + 7 - (3 + -2).
8
Calculate 0 + -5 - (-10 + -8 - -4).
9
Evaluate (-5 - (0 - 1)) + -114 + 111.
-7
What is 7 + (1 - 2) + (-2 - -1)?
5
What is the value of -12 + -13 + (7 - -10)?
-8
29 + -9 + (-5 - 7)
8
What is the value of 11 - 12 - 10 - -21?
10
What is the value of -4 + 3 + (7 - (3 + -1))?
4
What is the value of 2 - (-3 + 2 + 1)?
2
What is the value of 1 - (-5 - -7) - -5 - 5?
-1
Calculate (-3 - (-5 - 1)) + (-9 - -2).
-4
Calculate (-3 - (-6 + 1 + 2)) + -2.
-2
Calculate 8 + -3 - (-1 + 7 + -1).
0
Evaluate 16 + -29 - (-14 - 5).
6
Calculate ((-3 - 2) + 2 - -8) + -1.
4
Evaluate (-1 + 1 - 1) + -1 + -3.
-5
What is -8 + 3 + (-1 - -1)?
-5
Evaluate (-3 - -11) + -3 - 10.
-5
Evaluate -8 + 14 + -5 + -1.
0
What is the value of -5 + 1 + -2 + 7?
1
What is (-1 - -7) + (207 - 204)?
9
What is -2 + (-1 + (0 - 0) - -3)?
0
Evaluate 0 + -1 - (18 - 18) - 5.
-6
What is the value of (4 - (7 - 2)) + 0 + 5?
4
What is the value of (11 - 3 - 5) + -2?
1
Evaluate (1 - 3 - -5) + (1 - 7).
-3
What is -4 + 18 + -3 - (11 - 6)?
6
Calculate -1 + -2 + (-3 - (-5 - 2)).
1
-1 + 1 + (10 - (-9 + 17))
2
Calculate -4 - ((1 - -2) + -4).
-3
18 + 3 + (-27 - -13)
7
-3 - (-4 - (-5 - -1))
-3
Calculate 46 - 46 - (3 + (-1 - -1)).
-3
Calculate -8 + 5 + 3 + 0 + -4.
-4
Evaluate (25 - 23) + -2 + -7.
-7
Evaluate (0 - (0 - -3)) + 2.
-1
16 + -8 + 15 + -15
8
Calculate 6 + (-7 - (-6 + 0)).
5
Calculate -2 + -1 - (-9 + 1 + 4).
1
What is -2 - -2 - (29 + -36)?
7
Calculate 8 - 4 - 4 - -1 - -1.
2
Evaluate -11 - (-6 + (7 - 0) - 7).
-5
What is the value of -13 + (-3 - 4 - -21)?
1
What is the value of -1 + 5 + -2 + (12 - 7)?
7
Evaluate -4 + (-2 - -7 - 4).
-3
What is 1 - (3 - 1 - 6)?
5
What is the value of 0 - ((2 - (3 + -2)) + 0)?
-1
What is 1 + 0 + (-1 - (-4 + -2))?
6
Evaluate 2 + -4 + 1 + (-7 - -12).
4
4 + (1 - (7 + -3))
1
What is the value of 4 + -11 + 13 + -2?
4
What is (1 - -3) + (-3 - (-1 + -2))?
4
Calculate 1 + (-8 - (3 - 8)) + 2.
0
What is the value of -3 + -1 + 2 + (-185 - -190)?
3
(-3 - -6) + -8 - -2
-3
What is the value of -16 + 9 - 0 - (1 - 4)?
-4
What is 15 + 9 + -6 + -13?
5
Calculate 8 + -7 + (4 - 4).
1
Evaluate -3 - 0 - (2 + -12 + 2).
5
What is the value of 2 - (7 - 0 - 3)?
-2
Calculate (4 - 6) + 5 + 2 + -5.
0
What is (-3 - -20) + -4 + -7?
6
(0 - -1) + (2 - 2)
1
Evaluate (1 - (0 - -1)) + -3.
-3
What is -2 - -6 - (-1 - -6)?
-1
What is the value of 2 + 1 + -2 + 3 + 0?
4
What is -6 - (-4 + 7 + -9 + 0)?
0
What is -1 + 3 + 0 + -8 + 1?
-5
What is the value of 2 - (3 - (7 - (2 - 2)))?
6
What is -2 - (3 + -16 - -7)?
4
What is the value of -4 + (-7 - (4 + -9) - -3)?
-3
What is -14 - -5 - (-2 + -12)?
5
-17 + 13 - (-6 + 2)
0
Calculate -3 - -4 - 0 - (-1 - -1).
1
3 - (2 - (3 - (-3 + 10)))
-3
Evaluate (17 - 22) + (-1 - (3 + -3)).
-6
-1 + 0 + 1 + -4 + 1
-3
(-15 - -17) + (4 - (1 + 0))
5
-3 + 1 - (6 + -13 + 14)
-9
Evaluate -2 + (1 - -2) + -6.
-5
What is (-1 + -9 - 4) + 8?
-6
Evaluate -3 + (2 - 1) - -6.
4
Calculate -1 - 1 - (5 - (2 - -1)).
-4
What is the value of 3 + 5 + -10 + 1?
-1
Evaluate 15 + (-15 - (1 + -9)).
8
-11 - (0 - (2 + 6))
-3
What is (-4 - (0 + -1)) + 0 + 2?
-1
1 - (7 - (4 - 3))
-5
What is -1 + (-4 + 4 - -2)?
1
(-6 - -8) + -4 + 8 + 0
6
Evaluate -4 - -2 - -4 - 0.
2
Calculate -1 - (3 - -10 - 8).
-6
What is the value of 8 - (11 - (19 + -10))?
6
Calculate (-1 - -9) + -3 + (5 - 5).
5
Calculate 0 - (-5 + (-3 - -9)).
-1
What is 4 + -7 + 14 - (5 + -2)?
8
Evaluate -3 + (1 - (4 - 5)) + 3.
2
-7 + 21 + -15 + -5 + 1
-5
What is 10 - ((5 - -5) + 6)?
-6
What is the value of (-7 + -5 - -7) + 7?
2
Calculate -7 + 2 + 3 + 6.
4
What is the value of 1 + (0 - (-3 + 5))?
-1
-5 + -3 + 1 + 16
9
What is 0 + 5 - (4 + (-6 - -9))?
-2
Evaluate 5 - (9 + (0 - -1)).
-5
What is -3 + -1 + -2 + 4?
-2
What is the value of 6 - (-4 + (-1 - -8))?
3
-2 + -2 + 5 - -4
5
Evaluate 2 - (6 - 2) - 3.
-5
Calculate 2 - (-1 + 6 + -1).
-2
What is the value of 6 + -3 + (-1 - -6) + -2?
6
Calculate 0 + (-5 - 0) + 6 + -8.
-7
What is the value of 13 + (-3 - (-8 + 12)) + 3?
9
What is the value of 2 + -4 + (2 - 4 - -6)?
2
Calculate 0 - (4 + (-1 - (7 - 11))).
-7
-4 + 7 + -11 + 3
-5
Evaluate (-6 - -3) + -2 - -2 - -8.
5
(-9 - (-2 - 2)) + 4
-1
Calculate -3 + 2 - (-10 - -13).
-4
Calculate 68 + -68 + (4 - (2 - 2)).
4
What is 2 + (-3 - (-6 - -2)) + -2?
1
-12 + 12 - (-1 + 6)
-5
What is the value of -3 + 7 + -22 + 11?
-7
(-2 - -3) + 2 + -2
1
3 + (-7 - (-4 + 2))
-2
-4 + 0 - (-13 - -8)
1
What is the value of 1 - (0 - -2 - -8)?
-9
What is (10 - 13) + -1 + 7 + -2?
1
What is the value of 3 - 3 - (-2 + 10)?
-8
1 - (2 + -5 + (0 - 0))
4
Evaluate 6 + -4 + 5 + -4.
3
What is 1 - -2 - (4 + -9 + 1)?
7
Evaluate 3 - (-6 + (1 - (-14 + 0))).
-6
Evaluate (1 - (4 + -2) - 1) + -2.
-4
Calculate -2 - (-5 - -4) - (3 - 1).
-3
What is the value of 0 + (-7 - (-1 + -1))?
-5
Calculate 4 - (4 - 3) - 5.
-2
Evaluate -2 - -2 - 10 - (50 + -55).
-5
-10 + 14 + (3 + -6 - -1)
2
(1 - (4 + -6)) + -2
1
Evaluate (6 - (10 - 7)) + (5 - -2).
10
3 + -5 - (-3 + (3 - 4))
2
Calculate 7 - (4 - 0 - 3).
6
Calculate -10 + (11 - -1 - 4).
-2
What is the value of -3 - (-1 + (-3 - 1 - 1))?
3
Calculate -4 - (-11 + 4 - -3).
0
What is the value of -6 - -10 - 11 - (-4 + -7)?
4
Calculate 8 + -3 + 3 - 17.
-9
Evaluate -5 + 1 + (-3 - -16 - 8).
1
Evaluate -8 - -5 - -4 - 1.
0
What is (-1 - -1) + 5 - (13 + -2)?
-6
21 - (3 + 7) - 7
4
11 + -4 + -8 + 4
3
What is the value of -1 - 2 - (0 - 0)?
-3
What is 0 - -3 - (-1 + 3 + 3)?
-2
What is the value of -1 + (3 - 2) + -5?
-5
-6 + (9 - -8) - 5
6
What is 7 - 3 - (0 - 1)?
5
Evaluate 2 + (-7 - (1 + (-3 - -1))).
-4
16 + 4 + -2 + -11
7
Calculate 7 - (12 - 9) - 12.
-8
(2 + -3 - 0) + 1 + -5
-5
Calculate 0 - (-2 - 0 - (-7 - -7)).
2
What is -1 - (-5 + -3 - -4)?
3
(-11 - -11) + (-1 - -1)
0
Evaluate 5 - (8 + 7 + -4).
-6
Calculate -3 - (-14 + 3 + 2).
6
What is the value of 10 + -7 + -2 - -4?
5
Evaluate (-8 + 4 - -6) + -2.
0
What is the value of 8 + -5 + -4 + -2 + 0?
-3
What is the value of -5 + (0 - -10) + -3?
2
What is the value of 1 + -4 + 2 - (17 - 18)?
0
Calculate (-1 - 1) + 5 + (8 - 9).
2
Calculate -2 + (-2 + 6 - 1).
1
Evaluate (5 - 9 - (-3 - 1)) + -1.
-1
What is (-10 - -16) + (-2 - 1)?
3
10 + -7 + (-1 - -1)
3
Calculate 14 - (-12 + (-6 - -28)).
4
What is the value of 3 - (2 + -1) - 7?
-5
-8 + 3 + -2 + -1
-8
Evaluate 0 - (-3 + 5 - 5).
3
What is 9 + -3 + -12 + 10?
4
Evaluate -1 + -2 - (4 + (3 - 4)).
-6
-9 + 4 + 5 + 0
0
What is the value of 3 - 1 - (-8 + 3 - -3)?
4
Evaluate 12 + -6 + -9 - 0.
-3
Calculate 117 + -115 - (-2 + 0 + 4).
0
Evaluate -4 - 0 - (3 - (3 - -4)).
0
What is 10 +